t common factor of 15 and n.
15
Let l(v) = -5*v + 264. Let m be l(15). Suppose 0 = 3*g - 6*g + 81. What is the greatest common divisor of m and g?
27
Suppose 0 = 5*j - 1983 + 303. What is the highest common factor of 96 and j?
48
Suppose 5*v - 14 = 336. Suppose -5*l + 190 = -v. Suppose 4*t = 3*p - 57, -2*p - 2*t + l = -0*p. What is the highest common factor of p and 253?
23
Let g be (-6)/9 - 24/(-9). Suppose 4*c = g*k - 22, -6*k + 2*k = c - 26. Calculate the highest common divisor of 7 and k.
7
Let p be 1*((-27)/(-9) - (-4)/(-2)). What is the highest common divisor of 25 and p?
1
Let f(l) = 2*l + 1. Let q be f(2). Suppose q*p - 218 = k - 0*k, 4*p - 3*k - 170 = 0. What is the highest common divisor of 66 and p?
22
Let q be (-2)/1 + 53 + -8. Suppose -3*j + 287 = -616. Calculate the greatest common divisor of j and q.
43
Let d = 3 - -10. Let h be ((-1)/2)/((108/1352)/(-27)). Calculate the highest common factor of h and d.
13
Let v(q) = -q**2 + 40*q - 188. Let r be v(6). Calculate the greatest common divisor of r and 352.
16
Let v be 16/(-10)*(-75)/30 + 34. Let q be -1 - -57 - (-1 + 0). What is the greatest common factor of v and q?
19
Suppose -32*t = -35*t + 2523. Let h = -489 + t. What is the highest common divisor of 32 and h?
32
Suppose 299*x + 42614 = 321*x. What is the highest common divisor of 13 and x?
13
Suppose 24 = 5*y - 1, -35 = -4*c - 3*y. Suppose 5*b - 5*g = -95, 0*b + c*g = 4*b + 77. Let d be 1/(-2) - b/12. Calculate the highest common factor of 7 and d.
1
Let k be -80*(6 + 34/(-4)). Calculate the highest common factor of 15 and k.
5
Let o(n) = 9*n**2 - n - 6. Let u(w) = w**3 + 19*w**2 + w + 25. Let a be u(-19). Let h be o(a). What is the greatest common factor of 39 and h?
39
Suppose -4*l - 173 = -5*i, -l - 31 = -i + l. What is the highest common factor of i and 259?
37
Suppose -4*l - g + 822 = -296, 5*g = -3*l + 830. Calculate the greatest common factor of 40 and l.
40
Let k be (-6)/(-12)*-6 + 19. Let l be 0 + 12/(1 + 1). Let s be l/4*(-320)/(-6). What is the highest common divisor of s and k?
16
Let s(a) = 3*a - 7. Let p be s(4). Let w(q) = q - 1. Let c be w(p). Calculate the greatest common divisor of 36 and c.
4
Let r = 272 + -240. Calculate the greatest common factor of r and 96.
32
Let g = -49 + 46. Let p be 61 - (2 + (-9)/g). Calculate the highest common divisor of p and 140.
28
Let x(w) = -1. Let t(z) = z**2 + 2*z - 2. Let p(s) = t(s) - 2*x(s). Let y be p(-1). Let h be (-25)/(-2) + y/2. Calculate the highest common divisor of 36 and h.
12
Let b be ((-8)/(-30)*6)/(2/10). What is the greatest common factor of 104 and b?
8
Let v(a) = -a**3 - 27*a**2 - 6*a + 64. Let w be v(-27). Suppose -122 = y - w. What is the greatest common divisor of y and 13?
13
Suppose 0 = 14*o - 11*o + 21. Let x(i) = -5*i + 7. Let v be x(o). Calculate the greatest common factor of 7 and v.
7
Suppose 512 = -23*y + 27*y. Let t = y - 71. Calculate the highest common factor of 19 and t.
19
Let u be -20 + -4 - 1*-3. Let i = -13 - u. Let m(d) = d + 34. Let n be m(-14). Calculate the highest common divisor of i and n.
4
Let h = 1500 + -690. What is the greatest common factor of h and 9?
9
Let w(y) = 2*y**2 + 5*y + 3. Let j be (2 - 5) + (2 - 4). Let r be w(j). Calculate the greatest common factor of r and 28.
28
Suppose 0 = 20*r - 19*r + 98. Let k = r + 136. Calculate the highest common divisor of k and 95.
19
Let l be (-11)/(0 - (3 - 2)). Let q = -62 - -93. Suppose -l - q = -p. What is the highest common factor of 105 and p?
21
Let j(v) = 3*v + v**2 - 1 - v + 0*v**2. Let o = -8 - -9. Let y be j(o). Calculate the highest common divisor of y and 1.
1
Let u be (-12)/(0 + 2/12). Let f = u - -128. What is the highest common divisor of f and 8?
8
Let w(v) = 3*v**2 - 7*v - 7. Let c be w(7). Suppose 39 = -27*x + 30*x. Suppose 6*m = -x + 91. Calculate the highest common divisor of m and c.
13
Let x = -162 - -282. Calculate the highest common divisor of 72 and x.
24
Let a = 68 + -35. Let v = a + -18. Suppose -4*n - 20 = 0, 4*n = 5*p + n - 40. Calculate the greatest common factor of v and p.
5
Let v = 372 - 239. What is the greatest common divisor of v and 38?
19
Let k(s) = s**2 + 4*s + 6. Let d be k(-4). Suppose g + 55 = d*g. Let v(n) = -n + 34. Let q be v(23). What is the greatest common factor of q and g?
11
Let k be (-24)/36*3*2. Let g be (-9)/k + 5/(-20). Calculate the highest common factor of g and 2.
2
Suppose -t - 3*a - a = -1, 2*t = 3*a - 53. Let u(l) = -4*l**2 + 11*l**2 + l**3 + 8 + 12*l**2. Let s be u(t). Calculate the highest common factor of 1 and s.
1
Let t(w) = -9*w. Let s be t(-6). Suppose 0 = -2*v + 74 + s. Suppose -n + 4 = -4. Calculate the greatest common factor of n and v.
8
Let p(r) = -r**3 + 8*r**2 + 2*r - 12. Let a be p(8). Let i = a + -1. Suppose 305 + 289 = 18*u. Calculate the highest common divisor of u and i.
3
Suppose 31*s + 390 = 57*s. What is the greatest common divisor of 60 and s?
15
Let k be (8/3)/((-2)/(-12)). Suppose 4*h + k = 8*h. What is the greatest common divisor of 32 and h?
4
Let p = -27 - -29. Suppose x = f, 12 = 5*x - 3*f + p. Calculate the greatest common factor of 35 and x.
5
Suppose -8 = 5*o + 12. Let c be (4/8)/(1/o). Let n(z) = 39*z**2 + 2*z + 1. Let y be n(c). What is the highest common factor of 17 and y?
17
Let z(b) = b**3 + 15*b**2 + 7*b - 16. Let x be z(-13). Let g be (-2 + 101)*(-7)/(-21). Calculate the greatest common divisor of g and x.
33
Let r(o) = -4*o**2 + 3 + o**2 + 1319*o**3 - 1318*o**3 + 3*o. Let s be r(3). Calculate the highest common divisor of s and 48.
12
Let x be (-15 + -8 + -74)*(-1 + 0). What is the greatest common divisor of x and 1261?
97
Suppose 0 = -231*q + 224*q + 420. What is the highest common factor of 915 and q?
15
Suppose -3*u = 2*z - 67, 4*u - z - 76 = 3*z. Calculate the highest common factor of 84 and u.
21
Suppose 3*k - 3*z - 1236 = 0, 14*z + 2080 = 5*k + 19*z. What is the highest common divisor of k and 18?
18
Let t(h) = h + 3. Let g(m) = -m. Let f(y) = 6*g(y) - 3*t(y). Let i be f(-8). What is the highest common divisor of 7 and i?
7
Let o = -15 - -51. What is the greatest common divisor of o and 4?
4
Let t(y) = 2*y**2 - y + 8. Suppose 5*r + 30 = 2*n, 2*n - 29 = 2*r - 11. Let s be t(r). What is the highest common factor of s and 4?
4
Let b = 57 + 3. Suppose -49*s + 53*s = b. Calculate the highest common factor of s and 5.
5
Suppose 2*f + 243 = 5*f - r, -4*f - 2*r + 324 = 0. Calculate the greatest common factor of f and 117.
9
Let y = -74 + 138. Let o = 75 - y. What is the highest common divisor of o and 11?
11
Suppose -19*b = 7*b - 546. What is the greatest common factor of b and 77?
7
Suppose 4*f + 4*t = 20, 4*f - 2*t = 2*t - 20. Suppose -8 = -b - f. What is the highest common factor of 16 and b?
8
Let v be (-51)/(-6)*(-12)/3. Let h be -5*v/2 + -1. Let z(u) = -5*u - 3. Let d be z(-3). Calculate the greatest common factor of h and d.
12
Let t = -4 + -1. Let o(j) = j**3 + 6*j**2 + 4*j + 2. Let x be o(t). Suppose 21 = 2*w - x. Calculate the highest common factor of 154 and w.
14
Let d = -22 - -25. Suppose 3*c + 5*j + 16 - 144 = 0, 88 = d*c - 5*j. Suppose -3*w + 15 + 12 = 0. What is the greatest common factor of w and c?
9
Let g be ((-44)/(-99))/(2/9). Suppose -g*q = -4*q + 8. Calculate the greatest common divisor of q and 12.
4
Let a = -64 + 46. Let l = a + 32. What is the greatest common factor of l and 14?
14
Let g be ((-12)/(-8))/((-5)/(-60)). Suppose g = 6*y - 252. Suppose -63 - 9 = -4*t. What is the highest common factor of y and t?
9
Let h = 13 + 0. Let o be (12/(-21))/(12/(-1092)). What is the greatest common factor of o and h?
13
Suppose 5*c = -p + 13, 5*c + 4*p - 5 = 2. Suppose c*u + 6 = 4*u. Suppose -8 = -x + 1. Calculate the highest common factor of x and u.
3
Let n = 463 - 395. Calculate the greatest common factor of 170 and n.
34
Suppose 128 = 4*v + 4*p, 0*v = v + 3*p - 30. Let x(k) = 3*k**2 + 5*k + 1. Let c be x(-3). Let z = c + -10. What is the highest common factor of v and z?
3
Let v be 22/3 - 20/15. Suppose 3*s - 3 - v = 0, -5*u + 1366 = -3*s. Calculate the greatest common factor of u and 25.
25
Let x(l) = -6*l**3 - 2*l**2 + l - 2. Let i be x(-2). Suppose -b + 183 = 2*r - 0*b, 2*b - 456 = -5*r. What is the greatest common factor of i and r?
18
Suppose 3*d = 4*a + 10, 